{"id":98,"date":"2023-11-28T14:37:22","date_gmt":"2023-11-28T13:37:22","guid":{"rendered":"https:\/\/lemottager.fr\/?page_id=98"},"modified":"2025-12-05T17:17:26","modified_gmt":"2025-12-05T16:17:26","slug":"documents","status":"publish","type":"page","link":"https:\/\/lemottager.fr\/index.php\/documents\/","title":{"rendered":"Documents"},"content":{"rendered":"\n<p><a href=\"http:\/\/lemottager.fr\/wp-content\/uploads\/2025\/09\/RI_MOTTAGER.pdf\" target=\"_blank\" rel=\"noreferrer noopener\"><strong>R\u00e8glement int\u00e9rieur de l&rsquo;Association le Mottager<\/strong><\/a> <em>(\u00e0 signer lors de l&rsquo;adh\u00e9sion)<\/em><\/p>\n\n\n\n<p><a href=\"http:\/\/lemottager.fr\/wp-content\/uploads\/2025\/09\/STATUTS.pdf\" target=\"_blank\" rel=\"noreferrer noopener\"><strong>Statuts de l&rsquo;Association le Mottager<\/strong><\/a><\/p>\n\n\n\n<p><a href=\"http:\/\/lemottager.fr\/wp-content\/uploads\/2025\/12\/bulletin_inscription_mottager.pdf\" target=\"_blank\" rel=\"noreferrer noopener\"><strong>Formulaire &#8211; Bulletin d&rsquo;inscription<\/strong><\/a><\/p>\n\n\n\n<p><a href=\"http:\/\/lemottager.fr\/wp-content\/uploads\/2024\/11\/droit_image_mottager.pdf\" target=\"_blank\" rel=\"noreferrer noopener\"><strong>Formulaire &#8211; Droit \u00e0 l&rsquo;image<\/strong><\/a><\/p>\n\n\n\n<p>&#8230;<\/p>\n\n\n\n<p><a href=\"https:\/\/www.cotelub.fr\/images\/8-Environnement\/Gerer-dechets\/Compost\/D%C3%A9pliant_Composter_pour_planter.pdf\" target=\"_blank\" rel=\"noreferrer noopener\">Le guide du compostage de Cotelub<\/a><\/p>\n\n\n\n<p><a href=\"http:\/\/lemottager.fr\/wp-content\/uploads\/2024\/02\/calendrier_semis_koko-2.jpg\" data-type=\"link\" data-id=\"http:\/\/lemottager.fr\/wp-content\/uploads\/2024\/02\/calendrier_semis_koko-2.jpg\" target=\"_blank\" rel=\"noreferrer noopener\">Le calendrier des semis<\/a><\/p>\n\n\n\n<p><a href=\"https:\/\/lemottager.fr\/wp-content\/uploads\/2024\/02\/calendrier_annuel.pdf\" data-type=\"link\" data-id=\"https:\/\/lemottager.fr\/wp-content\/uploads\/2024\/02\/calendrier_annuel.pdf\" target=\"_blank\" rel=\"noreferrer noopener\">Le calendrier des fruits et l\u00e9gumes de saison<\/a><\/p>\n\n\n\n<p><a href=\"http:\/\/lemottager.fr\/wp-content\/uploads\/2025\/05\/guide_tondeuse.pdf\" target=\"_blank\" rel=\"noreferrer noopener\">Le mode d&#8217;emploi de la tondeuse<\/a><\/p>\n\n\n\n<p><\/p>\n","protected":false},"excerpt":{"rendered":"<p>R\u00e8glement int\u00e9rieur de l&rsquo;Association le Mottager (\u00e0 signer lors de l&rsquo;adh\u00e9sion) Statuts de l&rsquo;Association le Mottager Formulaire &#8211; Bulletin d&rsquo;inscription Formulaire &#8211; Droit \u00e0 l&rsquo;image &#8230; Le guide du compostage de Cotelub Le calendrier&#46;&#46;&#46;<\/p>\n","protected":false},"author":2,"featured_media":0,"parent":0,"menu_order":0,"comment_status":"closed","ping_status":"closed","template":"","meta":{"footnotes":""},"class_list":["post-98","page","type-page","status-publish","hentry"],"_links":{"self":[{"href":"https:\/\/lemottager.fr\/index.php\/wp-json\/wp\/v2\/pages\/98","targetHints":{"allow":["GET"]}}],"collection":[{"href":"https:\/\/lemottager.fr\/index.php\/wp-json\/wp\/v2\/pages"}],"about":[{"href":"https:\/\/lemottager.fr\/index.php\/wp-json\/wp\/v2\/types\/page"}],"author":[{"embeddable":true,"href":"https:\/\/lemottager.fr\/index.php\/wp-json\/wp\/v2\/users\/2"}],"replies":[{"embeddable":true,"href":"https:\/\/lemottager.fr\/index.php\/wp-json\/wp\/v2\/comments?post=98"}],"version-history":[{"count":11,"href":"https:\/\/lemottager.fr\/index.php\/wp-json\/wp\/v2\/pages\/98\/revisions"}],"predecessor-version":[{"id":268,"href":"https:\/\/lemottager.fr\/index.php\/wp-json\/wp\/v2\/pages\/98\/revisions\/268"}],"wp:attachment":[{"href":"https:\/\/lemottager.fr\/index.php\/wp-json\/wp\/v2\/media?parent=98"}],"curies":[{"name":"wp","href":"https:\/\/api.w.org\/{rel}","templated":true}]}}

<p><a href="http://lemottager.fr/wp-content/uploads/2025/09/RI_MOTTAGER.pdf" target="_blank" rel="noreferrer noopener"><strong>Règlement intérieur de l&rsquo;Association le Mottager</strong></a> <em>(à signer lors de l&rsquo;adhésion)</em></p>



<p><a href="http://lemottager.fr/wp-content/uploads/2025/09/STATUTS.pdf" target="_blank" rel="noreferrer noopener"><strong>Statuts de l&rsquo;Association le Mottager</strong></a></p>



<p><a href="http://lemottager.fr/wp-content/uploads/2025/12/bulletin_inscription_mottager.pdf" target="_blank" rel="noreferrer noopener"><strong>Formulaire &#8211; Bulletin d&rsquo;inscription</strong></a></p>



<p><a href="http://lemottager.fr/wp-content/uploads/2024/11/droit_image_mottager.pdf" target="_blank" rel="noreferrer noopener"><strong>Formulaire &#8211; Droit à l&rsquo;image</strong></a></p>



<p>&#8230;</p>



<p><a href="https://www.cotelub.fr/images/8-Environnement/Gerer-dechets/Compost/D%C3%A9pliant_Composter_pour_planter.pdf" target="_blank" rel="noreferrer noopener">Le guide du compostage de Cotelub</a></p>



<p><a href="http://lemottager.fr/wp-content/uploads/2024/02/calendrier_semis_koko-2.jpg" data-type="link" data-id="http://lemottager.fr/wp-content/uploads/2024/02/calendrier_semis_koko-2.jpg" target="_blank" rel="noreferrer noopener">Le calendrier des semis</a></p>



<p><a href="https://lemottager.fr/wp-content/uploads/2024/02/calendrier_annuel.pdf" data-type="link" data-id="https://lemottager.fr/wp-content/uploads/2024/02/calendrier_annuel.pdf" target="_blank" rel="noreferrer noopener">Le calendrier des fruits et légumes de saison</a></p>



<p><a href="http://lemottager.fr/wp-content/uploads/2025/05/guide_tondeuse.pdf" target="_blank" rel="noreferrer noopener">Le mode d&#8217;emploi de la tondeuse</a></p>



<p></p>

<p>Règlement intérieur de l&rsquo;Association le Mottager (à signer lors de l&rsquo;adhésion) Statuts de l&rsquo;Association le Mottager Formulaire &#8211; Bulletin d&rsquo;inscription Formulaire &#8211; Droit à l&rsquo;image &#8230; Le guide du compostage de Cotelub Le calendrier&#46;&#46;&#46;</p>
