{"id":143,"date":"2024-02-01T13:49:11","date_gmt":"2024-02-01T12:49:11","guid":{"rendered":"https:\/\/lemottager.fr\/?page_id=143"},"modified":"2024-02-01T14:06:21","modified_gmt":"2024-02-01T13:06:21","slug":"qui-sommes-nous","status":"publish","type":"page","link":"https:\/\/lemottager.fr\/index.php\/qui-sommes-nous\/","title":{"rendered":"Qui sommes nous ?"},"content":{"rendered":"\n<div class=\"wp-block-group\"><div class=\"wp-block-group__inner-container is-layout-constrained wp-block-group-is-layout-constrained\">\n<p><strong>L\u2019association <\/strong>\u00ab&nbsp;<strong>Le Mottager<\/strong>&nbsp;\u00bb a \u00e9t\u00e9 cr\u00e9\u00e9e en 2021 avec la Mairie de la Motte d&rsquo;Aigues, pour mettre \u00e0 disposition de ses habitants (les Motassins), des jardins familiaux.<\/p>\n\n\n\n<p>Le <strong>bureau <\/strong>de l\u2019association est compos\u00e9 de Carole D (pr\u00e9sidente), Laetitia LV (secr\u00e9taire) Magali B (tr\u00e9sori\u00e8re).<\/p>\n\n\n\n<p><strong>L\u2019objet<\/strong> de l\u2019association est de g\u00e9rer un espace de jardinage.<br>Pour cela, un terrain est mis \u00e0 disposition par la mairie de la Motte d\u2019Aigues.<br>Une convention de mise \u00e0 disposition a \u00e9t\u00e9 \u00e9labor\u00e9e pour la circonstance.<\/p>\n\n\n\n<p>Les <strong>Buts <\/strong>de l\u2019association&nbsp;sont :<\/p>\n\n\n\n<ul class=\"wp-block-list\">\n<li>Favoriser le partage, la solidarit\u00e9, les \u00e9changes et l\u2019apprentissage \u00e0 travers l\u2019activit\u00e9 de jardinage<\/li>\n\n\n\n<li>D\u00e9velopper un lien social, un savoir-faire, une convivialit\u00e9 interg\u00e9n\u00e9rationnelle<\/li>\n\n\n\n<li>Utiliser les circuits courts, entretenir un lieu agr\u00e9able, beau et convivial<\/li>\n<\/ul>\n\n\n\n<p>Toutes ces actions sont men\u00e9es par les jardiniers dans un respect de l&rsquo;environnement, mais aussi dans un esprit de convivialit\u00e9, de partage, d\u2019\u00e9change et d\u2019engagement qui sont nos valeurs.<br>Le jardin partag\u00e9 comporte \u00e9galement une partie d\u00e9di\u00e9e \u00e0 des activit\u00e9s p\u00e9dagogiques pour les enfants de l\u2019\u00e9cole du village.<br>L\u2019association recherchera par ailleurs des relations de partenariat, d\u2019\u00e9changes et d\u2019entraide avec des personnes, associations et organismes ext\u00e9rieurs\u00a0: agriculteurs, autres jardins partag\u00e9s, associations \u00e0 but social, etc\u2026.<\/p>\n\n\n\n<p>Il sera possible d\u2019organiser des rencontres, des formations, des bourses d\u2019\u00e9changes, des \u00e9v\u00e8nements festifs et entreprendre toute action permettant la r\u00e9alisation de ce projet des jardins partag\u00e9s.<\/p>\n\n\n\n<p><strong>Adh\u00e9rer <\/strong>\u00e0 l\u2019association vous permettra&nbsp;:<\/p>\n\n\n\n<ul class=\"wp-block-list\">\n<li>De jardiner sur une parcelle individuelle familiale (25m2 ou 50m2),<\/li>\n\n\n\n<li>De jardiner sur une parcelle commune et partag\u00e9e,<\/li>\n\n\n\n<li>D\u2019acc\u00e9der aux espaces communs du jardin,<\/li>\n\n\n\n<li>De profiter de tarifs sp\u00e9ciaux pour les \u00e9v\u00e8nements que nous organiserons au cours de l\u2019ann\u00e9e.<\/li>\n<\/ul>\n\n\n\n<p>Nous sommes pr\u00e9sents chaque ann\u00e9e vers le mois de Septembre, au forum des associations de la Motte d&rsquo;Aigues<\/p>\n\n\n\n<p>Si vous \u00eates curieux.ses, int\u00e9ress\u00e9s.\u00e9es par le projet, n&rsquo;h\u00e9sitez pas \u00e0 nous contacter :<\/p>\n\n\n\n<ul class=\"wp-block-list\">\n<li>En nous \u00e9crivant par mail \u00e0 <strong>lemottager@gmail.com<\/strong><\/li>\n\n\n\n<li>En laissant votre adresse mail ou votre t\u00e9l\u00e9phone \u00e0 la mairie et nous vous rappellerons<\/li>\n<\/ul>\n\n\n\n<p>A bient\u00f4t \ud83d\ude09<\/p>\n<\/div><\/div>\n\n\n\n<figure class=\"wp-block-image size-full\"><img loading=\"lazy\" decoding=\"async\" width=\"603\" height=\"396\" src=\"http:\/\/lemottager.fr\/wp-content\/uploads\/2024\/02\/pousse.jpg\" alt=\"\" class=\"wp-image-148\" srcset=\"https:\/\/lemottager.fr\/wp-content\/uploads\/2024\/02\/pousse.jpg 603w, https:\/\/lemottager.fr\/wp-content\/uploads\/2024\/02\/pousse-300x197.jpg 300w\" sizes=\"auto, (max-width: 603px) 100vw, 603px\" \/><\/figure>\n","protected":false},"excerpt":{"rendered":"<p>L\u2019association \u00ab&nbsp;Le Mottager&nbsp;\u00bb a \u00e9t\u00e9 cr\u00e9\u00e9e en 2021 avec la Mairie de la Motte d&rsquo;Aigues, pour mettre \u00e0 disposition de ses habitants (les Motassins), des jardins familiaux. Le bureau de l\u2019association est compos\u00e9 de&#46;&#46;&#46;<\/p>\n","protected":false},"author":2,"featured_media":0,"parent":0,"menu_order":0,"comment_status":"closed","ping_status":"closed","template":"","meta":{"footnotes":""},"class_list":["post-143","page","type-page","status-publish","hentry"],"_links":{"self":[{"href":"https:\/\/lemottager.fr\/index.php\/wp-json\/wp\/v2\/pages\/143","targetHints":{"allow":["GET"]}}],"collection":[{"href":"https:\/\/lemottager.fr\/index.php\/wp-json\/wp\/v2\/pages"}],"about":[{"href":"https:\/\/lemottager.fr\/index.php\/wp-json\/wp\/v2\/types\/page"}],"author":[{"embeddable":true,"href":"https:\/\/lemottager.fr\/index.php\/wp-json\/wp\/v2\/users\/2"}],"replies":[{"embeddable":true,"href":"https:\/\/lemottager.fr\/index.php\/wp-json\/wp\/v2\/comments?post=143"}],"version-history":[{"count":6,"href":"https:\/\/lemottager.fr\/index.php\/wp-json\/wp\/v2\/pages\/143\/revisions"}],"predecessor-version":[{"id":154,"href":"https:\/\/lemottager.fr\/index.php\/wp-json\/wp\/v2\/pages\/143\/revisions\/154"}],"wp:attachment":[{"href":"https:\/\/lemottager.fr\/index.php\/wp-json\/wp\/v2\/media?parent=143"}],"curies":[{"name":"wp","href":"https:\/\/api.w.org\/{rel}","templated":true}]}}